{"id":214,"date":"2020-11-08T17:03:20","date_gmt":"2020-11-08T20:03:20","guid":{"rendered":"http:\/\/mnpef.univasf.edu.br\/p01\/?page_id=214"},"modified":"2021-03-28T12:55:11","modified_gmt":"2021-03-28T15:55:11","slug":"4-investigando-os-conhecimentos-previos-dos-estudantes-sobre-a-tematica-aquecimento-global-google-formularios","status":"publish","type":"page","link":"https:\/\/mnpef.univasf.edu.br\/p01\/index.php\/4-investigando-os-conhecimentos-previos-dos-estudantes-sobre-a-tematica-aquecimento-global-google-formularios\/","title":{"rendered":"4 &#8211; Cria\u00e7\u00e3o de Formul\u00e1rio"},"content":{"rendered":"\n<p style=\"text-align: justify;\">&nbsp; &nbsp; &nbsp; &nbsp;O Google Formul&aacute;rios &eacute; uma ferramenta que visa criar alguma avalia&ccedil;&atilde;o para uma determinada finalidade tendo como principal trunfo o fato de o criador ou autor do teste\/prova\/pesquisa, receber automaticamente o resultado e colher informa&ccedil;&otilde;es acerca do conhecimento dos envolvidos que participaram do exame.<\/p>\n<p style=\"text-align: justify;\">&nbsp; &nbsp; &nbsp; &nbsp;S&atilde;o v&aacute;rios os tipos de quest&otilde;es que podem ser criadas com a utiliza&ccedil;&atilde;o desse aplicativo do Google para Educa&ccedil;&atilde;o. No caso desse trabalho o formul&aacute;rio foi criado com a inten&ccedil;&atilde;o verificar os conhecimentos pr&eacute;vios dos estudantes em torno de um assunto de extrema relev&acirc;ncia mundial: o Aquecimento Global. Por que Aquecimento Global? Entender e compreender a ci&ecirc;ncia por traz do fen&ocirc;meno requer conhecimento de F&iacute;sica, principalmente daqueles ligados &agrave; Termometria e Calorimetria.<\/p>\n<p style=\"text-align: justify;\">&nbsp; &nbsp; &nbsp; &nbsp;A pesquisa foi idealizada com intuito de averiguar o conhecimento dos estudantes em torno desse problema e, a partir dos resultados colhidos, a depender dos mesmos, encaminhar contextos din&acirc;micos de discuss&otilde;es e intera&ccedil;&otilde;es entre professor e alunos em sala de aula.<\/p>\n<p style=\"text-align: justify;\">&nbsp; &nbsp; &nbsp; &nbsp;Sendo assim, o Google Formul&aacute;rio para o trabalho em apresenta&ccedil;&atilde;o foi utilizado para coletar dados dos estudantes sobre determinado tema.<\/p>\n<p style=\"text-align: justify;\">&nbsp; &nbsp; &nbsp; &nbsp;Para constru&iacute;-los, nos &ldquo;pontinhos&rdquo; de identifica&ccedil;&atilde;o dos aplicativos do G-Su&iacute;te localizar o Formul&aacute;rios conforme figura 17 a seguir.<\/p>\n\n\n\n\n<figure class=\"wp-block-image size-large\"><img loading=\"lazy\" width=\"629\" height=\"570\" src=\"http:\/\/mnpef.univasf.edu.br\/p01\/wp-content\/uploads\/2021\/03\/Localizacao-Google-Forms.jpg\" alt=\"\" class=\"wp-image-545\"\/><figcaption>Figura 17 &#8211; Localiza\u00e7\u00e3o Google Formul\u00e1rios.<\/figcaption><\/figure>\n\n\n\n<p style=\"text-align: justify;\">&nbsp; &nbsp; &nbsp; &nbsp;A seguir, &ldquo;criar um novo formul&aacute;rio&rdquo;, seguindo as orienta&ccedil;&otilde;es de perguntas de m&uacute;ltipla escolha com resposta obrigat&oacute;ria, n&atilde;o esquecendo de acrescentar o t&iacute;tulo do formul&aacute;rio e a descri&ccedil;&atilde;o do mesmo. Ao t&eacute;rmino da digita&ccedil;&atilde;o de perguntas e respostas seguido dos requisitos anteriores o professor poder&aacute; clicar em &ldquo;enviar&rdquo; para direcionar a pesquisa em formato de coleta de dados para os estudantes &ndash; ver figura 18.<\/p>\n\n\n\n\n<figure class=\"wp-block-image size-large\"><img loading=\"lazy\" width=\"884\" height=\"471\" src=\"http:\/\/mnpef.univasf.edu.br\/p01\/wp-content\/uploads\/2021\/03\/Formulario-sem-titulo.jpg\" alt=\"\" class=\"wp-image-546\"\/><figcaption>Figura 18 &#8211; Formul\u00e1rio sem t\u00edtulo.. <\/figcaption><\/figure>\n\n\n\n<p style=\"text-align: justify;\">&nbsp; &nbsp; &nbsp; &nbsp;Na sequ&ecirc;ncia, figura 19, o formul&aacute;rio a acerca dos conhecimentos pr&eacute;vios do fen&ocirc;meno Aquecimento Global (o question&aacute;rio encontra-se no Ap&ecirc;ndice B) deve ser encaminhado para os estudantes com um t&iacute;tulo sugestivo.<\/p>\n\n\n\n\n<figure class=\"wp-block-image size-large\"><img loading=\"lazy\" width=\"872\" height=\"517\" src=\"http:\/\/mnpef.univasf.edu.br\/p01\/wp-content\/uploads\/2021\/03\/Formulario-Aquecimento-Global.jpg\" alt=\"\" class=\"wp-image-547\"\/><figcaption>Figura 19 &#8211; Formul\u00e1rio Aquecimento Global.<\/figcaption><\/figure>\n\n\n\n<p style=\"text-align: justify;\">&nbsp; &nbsp; &nbsp; &nbsp;Depois de conclu&iacute;do o formul&aacute;rio o professor poder&aacute; encaminh&aacute;-lo clicando em &ldquo;enviar&rdquo; (ver figura 20). A partir disto ser&aacute; deslocado para a p&aacute;gina de inser&ccedil;&atilde;o dos e-mails Google dos estudantes. Depois de preenchido &eacute; s&oacute; encaminhar que os alunos receber&atilde;o em suas caixas eletr&ocirc;nicas para responderem. O professor receber&aacute; automaticamente as repostas na medida em que os estudantes forem concluindo. No campo &ldquo;respostas&rdquo;, caso os estudantes j&aacute; tenham, todos, respondido o question&aacute;rio, o professor j&aacute; poder&aacute; averiguar os resultados em formato inclusive de dados estat&iacute;sticos, conforme &eacute; ilustrado um exemplo na figura 21. Neste sentido ficar&aacute; mais evidente o conhecimento ou n&atilde;o dos alunos em torno do tema Aquecimento Global.<\/p>\n\n\n\n\n<figure class=\"wp-block-image size-large\"><img loading=\"lazy\" width=\"656\" height=\"598\" src=\"http:\/\/mnpef.univasf.edu.br\/p01\/wp-content\/uploads\/2021\/03\/Enviar-formulario.jpg\" alt=\"\" class=\"wp-image-548\"\/><figcaption>Figura 20 &#8211; Enviar formul\u00e1rio. <\/figcaption><\/figure>\n\n\n\n<figure class=\"wp-block-image size-large\"><img loading=\"lazy\" width=\"644\" height=\"732\" src=\"http:\/\/mnpef.univasf.edu.br\/p01\/wp-content\/uploads\/2021\/03\/Coleta-de-dados.jpg\" alt=\"\" class=\"wp-image-549\"\/><figcaption>Figura 21 &#8211; Coleta de dados.<\/figcaption><\/figure>\n\n\n\n<p style=\"text-align: justify;\">&nbsp; &nbsp; &nbsp; &nbsp;Os resultados da pesquisa sobre os conhecimentos pr&eacute;vios dos estudantes s&atilde;o coletados automaticamente o que possibilita ao professor um diagn&oacute;stico mais preciso sobre o grau de instru&ccedil;&atilde;o dos alunos em torno da proposta, proporcionando uma vis&atilde;o mais detalhada do conhecimento da turma. Tais resultados podem ser verificados coletivamente, ou seja, o professor ter&aacute; informa&ccedil;&otilde;es relacionadas ao conhecimento pr&eacute;vio particular de cada estudante, e, tamb&eacute;m, da turma como um todo.&nbsp; A expectativa &eacute; a de que os estudantes sejam incentivados em aprender um pouco mais sobre o fen&ocirc;meno Aquecimento Global. Compete a n&oacute;s, professores, do ponto de vista da antiga filosofia da natureza e agora ci&ecirc;ncia F&iacute;sica, fundamentar a compreens&atilde;o neste assunto objetivando metas de alcance interdisciplinar.&nbsp;<\/p>\n<p style=\"text-align: justify;\">&nbsp; &nbsp; &nbsp; &nbsp;Os pr&oacute;ximos dois cap&iacute;tulos destinam-se ao ensino da Termometria (conceito, escalas termom&eacute;tricas e convers&otilde;es) e Calorimetria (conceitos, equil&iacute;brio t&eacute;rmico e processos de propaga&ccedil;&atilde;o de calor), visando compreens&atilde;o cient&iacute;fica b&aacute;sica em torno do fen&ocirc;meno Aquecimento Global.<\/p>\n\n\n\n\n<hr class=\"wp-block-separator\"\/>\n\n\n\n<div class=\"wp-block-buttons\">\n<div class=\"wp-block-button\"><a class=\"wp-block-button__link\" href=\"http:\/\/mnpef.univasf.edu.br\/p01\/index.php\/3-criacao-das-turmas-no-khan-academy-integrado-ao-google-sala-de-aula\/\">3&lt;&#8212;&#8211;<\/a><\/div>\n\n\n\n<div class=\"wp-block-button\"><a class=\"wp-block-button__link\" href=\"http:\/\/mnpef.univasf.edu.br\/p01\/index.php\/5-aulas-expositivas-com-intervencao-de-exercicios-explorando-o-estudo-da-termometria-conceitos-basicos-escalas-termometricas-e-conversoes-utilizando-o-google-sala-de-aula-e-khan-academy\/\">&#8212;&#8211;&gt; 5<\/a><\/div>\n<\/div>\n\n\n\n<p><\/p>\n","protected":false},"excerpt":{"rendered":"<p>&nbsp; &nbsp; &nbsp; &nbsp;O Google Formul&aacute;rios &eacute; uma ferramenta que visa criar alguma avalia&ccedil;&atilde;o para uma determinada finalidade tendo como principal trunfo o fato de [&#8230;]<\/p>\n","protected":false},"author":1,"featured_media":0,"parent":0,"menu_order":0,"comment_status":"closed","ping_status":"closed","template":"","meta":[],"_links":{"self":[{"href":"https:\/\/mnpef.univasf.edu.br\/p01\/index.php\/wp-json\/wp\/v2\/pages\/214"}],"collection":[{"href":"https:\/\/mnpef.univasf.edu.br\/p01\/index.php\/wp-json\/wp\/v2\/pages"}],"about":[{"href":"https:\/\/mnpef.univasf.edu.br\/p01\/index.php\/wp-json\/wp\/v2\/types\/page"}],"author":[{"embeddable":true,"href":"https:\/\/mnpef.univasf.edu.br\/p01\/index.php\/wp-json\/wp\/v2\/users\/1"}],"replies":[{"embeddable":true,"href":"https:\/\/mnpef.univasf.edu.br\/p01\/index.php\/wp-json\/wp\/v2\/comments?post=214"}],"version-history":[{"count":7,"href":"https:\/\/mnpef.univasf.edu.br\/p01\/index.php\/wp-json\/wp\/v2\/pages\/214\/revisions"}],"predecessor-version":[{"id":550,"href":"https:\/\/mnpef.univasf.edu.br\/p01\/index.php\/wp-json\/wp\/v2\/pages\/214\/revisions\/550"}],"wp:attachment":[{"href":"https:\/\/mnpef.univasf.edu.br\/p01\/index.php\/wp-json\/wp\/v2\/media?parent=214"}],"curies":[{"name":"wp","href":"https:\/\/api.w.org\/{rel}","templated":true}]}}