{"id":247,"date":"2020-11-08T18:42:43","date_gmt":"2020-11-08T21:42:43","guid":{"rendered":"http:\/\/mnpef.univasf.edu.br\/p01\/?page_id=247"},"modified":"2021-03-28T14:38:29","modified_gmt":"2021-03-28T17:38:29","slug":"7-khan-academy-como-a-mudanca-climatica-afeta-a-biodiversidade-efeito-estufa","status":"publish","type":"page","link":"https:\/\/mnpef.univasf.edu.br\/p01\/index.php\/7-khan-academy-como-a-mudanca-climatica-afeta-a-biodiversidade-efeito-estufa\/","title":{"rendered":"7 &#8211; Khan Academy \u2013 Mudan\u00e7a Clim\u00e1tica e Efeito Estufa"},"content":{"rendered":"\n<h6>7.1 <strong>Interdepend\u00eancia Mudan\u00e7a Clim\u00e1tica \u2013 Biodiversidade<\/strong><\/h6>\n\n\n\n<p style=\"text-align: justify;\">&nbsp; &nbsp; &nbsp; &nbsp;A partir de agora o educador se prop&otilde;e a trabalhar com seus estudantes uma colet&acirc;nea de tem&aacute;ticas direcionadas &agrave; compreens&atilde;o cient&iacute;fica b&aacute;sica do Aquecimento Global. No cap&iacute;tulo quatro foi proposta uma pesquisa em formato de formul&aacute;rio \/ question&aacute;rio com o objetivo de colher dos alunos o conhecimento pr&eacute;vio em rela&ccedil;&atilde;o a assuntos inter-relacionados ao Aquecimento Global. No caso da pesquisa realizada com estudantes de duas turmas do 2&ordm; Ano do Ensino M&eacute;dio de um col&eacute;gio na cidade de Uau&aacute; BA, foi detectado o interesse dos estudantes em aprender sobreo o aumento da temperatura do planeta Terra ao longo dos anos. Sugeriu-se nesse aspecto um trabalho interdisciplinar e transversal para melhor compreender assuntos, tais como, Mudan&ccedil;a Clim&aacute;tica, Efeito Estufa, A&ccedil;&atilde;o Antr&oacute;pica Humana, etc., utilizando como metodologias de ensino a exposi&ccedil;&atilde;o de filme, atividade experimental, leitura e discuss&atilde;o de artigos, dentre outros, ainda, utilizando, as ferramentas educacionais do Google e tamb&eacute;m da plataforma Khan Academy.<\/p>\n<p style=\"text-align: justify;\">&nbsp; &nbsp; &nbsp; &nbsp;Faz-se lembrar que, o trabalho proposto sobre o estudo do Aquecimento Global se deu mediante a car&ecirc;ncia de conhecimento por parte dos estudantes sobre tal, e, por se tratar de um assunto de relev&acirc;ncia midi&aacute;tica e de impacto global.<\/p>\n<p style=\"text-align: justify;\">&nbsp; &nbsp; &nbsp; &nbsp;Jacob &amp; Colaboradores (2015, p. 14) abordam o seguinte sobre as mudan&ccedil;as clim&aacute;ticas:<\/p>\n<blockquote>\n<p style=\"text-align: justify;\">Uma vez que as mudan&ccedil;as clim&aacute;ticas s&atilde;o um problema extremamente complexo e que afeta, direta ou indiretamente, diferentes indiv&iacute;duos e grupos sociais, deveria ser garantida a participa&ccedil;&atilde;o de maior n&uacute;mero de atores na busca de alternativa de adapta&ccedil;&atilde;o e mitiga&ccedil;&atilde;o para as novas condi&ccedil;&otilde;es de vulnerabilidades impostas. Para tal, entretanto, devem ser criados espa&ccedil;os que garantam o di&aacute;logo e a reflex&atilde;o e que favore&ccedil;am a sensibiliza&ccedil;&atilde;o para com os problemas, a co-responsabiliza&ccedil;&atilde;o e o desenvolvimento de uma postura cr&iacute;tica e proativa.<\/p>\n<\/blockquote>\n<p style=\"text-align: justify;\">&nbsp; &nbsp; &nbsp; &nbsp;Para a continuidade do trabalho a partir desse cap&iacute;tulo sugere-se a utiliza&ccedil;&atilde;o dos Chromebooks, instrumentos educacionais did&aacute;ticos inseridos dentro do contexto do projeto e-Nova da Secretaria de Educa&ccedil;&atilde;o do Estado da Bahia. No entanto, &eacute; important&iacute;ssimo salientar da necessidade de o espa&ccedil;o educacional dispor de conex&atilde;o de internet veloz. Os Chromebooks s&atilde;o port&aacute;teis, ou seja, podem ser encaminhados at&eacute; a sala de aula da turma onde ser&aacute; desenvolvido o trabalho, ou, se o professor preferir, a depender das condi&ccedil;&otilde;es f&iacute;sicas do col&eacute;gio onde atua, poder&aacute; utiliz&aacute;-los em um laborat&oacute;rio de inform&aacute;tica. A seguir, na figura 33, a imagem dos Chromebooks do col&eacute;gio em Uau&aacute; BA, onde foi aplicado o produto para as turmas do 2&ordm; ano Ensino M&eacute;dio T&eacute;cnico Profissional.<\/p>\n\n\n\n<figure class=\"wp-block-image size-large\"><img loading=\"lazy\" width=\"658\" height=\"544\" src=\"http:\/\/mnpef.univasf.edu.br\/p01\/wp-content\/uploads\/2021\/03\/Chromebooks.jpg\" alt=\"\" class=\"wp-image-570\"\/><figcaption>Figura 37 &#8211; Chromebooks Port\u00e1teis,  <\/figcaption><\/figure>\n\n\n\n<p style=\"text-align: justify;\">&nbsp; &nbsp; &nbsp; &nbsp;Vale ressaltar que, caso a entidade educacional n&atilde;o desfrute de Chromebooks, os mesmos poder&atilde;o facilmente serem substitu&iacute;dos por computadores da Sala de Inform&aacute;tica, ou Tabletes, ou Celulares, etc., reiterando, que desde que haja disposi&ccedil;&atilde;o de internet veloz e se apropriando da conta institucional e-Nova ou gmail para o acesso &agrave;s ferramentas educacionais do G Su&iacute;te e tamb&eacute;m da Khan Academy.<\/p>\n<p style=\"text-align: justify;\">&nbsp; &nbsp; &nbsp; &nbsp;O professor solicita dos estudantes o acesso &agrave;s suas contas e-Nova ou g-Mail e os encaminha para o Google Sala de Aula F&iacute;sica. Na sala de aula virtual os estudantes se deparam com uma postagem da plataforma Khan Academy sobe uma v&iacute;deo-aula com o t&iacute;tulo &ldquo;Como a mudan&ccedil;a clim&aacute;tica afeta a biodiversidade? &rdquo; Trata-se de uma v&iacute;deo-aula de aproximadamente 12 minutos, que pode ser encontrada atrav&eacute;s do endere&ccedil;o eletr&ocirc;nico &lt;<u><a href=\"https:\/\/bit.ly\/38SrOzD\" target=\"_blank\" rel=\"noopener noreferrer\">https:\/\/bit.ly\/38SrOzD<\/a><\/u>&gt;. O material ficar&aacute; dispon&iacute;vel para os estudantes na sala de aula virtual do Google. Para melhor organiza&ccedil;&atilde;o, o professor projeta e exibe o v&iacute;deo para os estudantes assistirem coletivamente em sala de aula.<\/p>\n<p style=\"text-align: justify;\">&nbsp; &nbsp; &nbsp; &nbsp;A figura 34 ilustra imagem de parte da exibi&ccedil;&atilde;o da v&iacute;deo-aula.<\/p>\n\n\n\n<figure class=\"wp-block-image size-large\"><img loading=\"lazy\" width=\"914\" height=\"535\" src=\"http:\/\/mnpef.univasf.edu.br\/p01\/wp-content\/uploads\/2021\/03\/Mudanca-Climatica-Khan-Academy.jpg\" alt=\"\" class=\"wp-image-571\"\/><figcaption>Figura 34 &#8211; Mudan\u00e7a Clim\u00e1tica e Biodiversidade. &lt;<a rel=\"noreferrer noopener\" href=\"https:\/\/bit.ly\/38SrOzD\" target=\"_blank\">https:\/\/bit.ly\/38SrOzD<\/a>><\/figcaption><\/figure>\n\n\n\n<p style=\"text-align: justify;\">&nbsp; &nbsp; &nbsp; &nbsp;A exposi&ccedil;&atilde;o do v&iacute;deo proporcionar&aacute; ao professor diversos conte&uacute;dos, inclusive, a interdisciplinaridade com a Biologia, al&eacute;m de revisar conceitos de F&iacute;sica discutidos em aulas anteriores como processos de propaga&ccedil;&atilde;o de calor, em especial, a radia&ccedil;&atilde;o t&eacute;rmica, e poss&iacute;veis exerc&iacute;cios relacionados a convers&atilde;o de escalas termom&eacute;tricas (Celsius para Fahrenheit ou vice-versa). O fen&ocirc;meno do Efeito Estufa ser&aacute; explicado, al&eacute;m do conhecimento de algumas a&ccedil;&otilde;es antr&oacute;picas que contribuem para o avan&ccedil;o em taxa dos gases do efeito propriamente dito, provocando com o passar dos anos o aquecimento da temperatura na Terra.<\/p>\n\n\n\n<h6>7.2 Efeito Estufa<\/h6>\n\n\n\n<p style=\"text-align: justify;\">&nbsp; &nbsp; &nbsp; &nbsp;Para casa, o professor disp&otilde;e para seus estudantes a leitura de mais um artigo especificamente falando sobre Efeito Estufa (Gases do Efeito Estufa e Altera&ccedil;&otilde;es Antr&oacute;picas), dispon&iacute;vel no endere&ccedil;o eletr&ocirc;nico &lt;<u><a href=\"https:\/\/bit.ly\/3gGZYbX\" target=\"_blank\" rel=\"noopener noreferrer\">https:\/\/bit.ly\/3gGZYbX<\/a><\/u>&gt;, atrav&eacute;s da plataforma online Khan Academy. O material foi disponibilizado para os estudantes na sala de aula virtual Google, conforme apresentado na figura 35 a seguir. Na figura 36 um trecho do artigo sobre o Efeito Estufa.<\/p>\n\n\n\n<figure class=\"wp-block-image size-large\"><img loading=\"lazy\" width=\"1005\" height=\"458\" src=\"http:\/\/mnpef.univasf.edu.br\/p01\/wp-content\/uploads\/2021\/03\/Efeito-Estufa-Khan-Academy.jpg\" alt=\"\" class=\"wp-image-572\"\/><figcaption>Figura 35 &#8211; Efeito Estufa.<\/figcaption><\/figure>\n\n\n\n<figure class=\"wp-block-image size-large\"><img loading=\"lazy\" width=\"889\" height=\"564\" src=\"http:\/\/mnpef.univasf.edu.br\/p01\/wp-content\/uploads\/2021\/03\/Efeito-Estufa-Khan-Academy-II.jpg\" alt=\"\" class=\"wp-image-573\"\/><figcaption>Figura 43 &#8211; Efeito Estufa II. &lt;<a rel=\"noreferrer noopener\" href=\"https:\/\/bit.ly\/3gGZYbX\" target=\"_blank\">https:\/\/bit.ly\/3gGZYbX<\/a>><\/figcaption><\/figure>\n\n\n\n<p style=\"text-align: justify;\">&nbsp; &nbsp; &nbsp; &nbsp; Outro ponto interessante p&oacute;s estudo dessa parte da sequ&ecirc;ncia de ensino ser&aacute; o fato de os estudantes se depararem com o conhecimento de algumas das ag&ecirc;ncias internacionais que ajudam a popula&ccedil;&atilde;o mundial a entender as mudan&ccedil;as clim&aacute;ticas atrav&eacute;s do aquecimento do planeta com o passar dos anos, principalmente a partir do per&iacute;odo da Revolu&ccedil;&atilde;o Industrial com o surgimento significativo das m&aacute;quinas t&eacute;rmicas. O IPCC (siga em ingl&ecirc;s) &ndash; Painel Intergovernamental sobre as Mudan&ccedil;as Clim&aacute;ticas &eacute; uma dessas ag&ecirc;ncias que apresenta dados estimativos sobre o aumento da temperatura m&eacute;dia da Terra.<\/p>\n\n\n\n<hr class=\"wp-block-separator\"\/>\n\n\n\n<div class=\"wp-block-buttons\">\n<div class=\"wp-block-button\"><a class=\"wp-block-button__link\" href=\"http:\/\/mnpef.univasf.edu.br\/p01\/index.php\/6-aulas-expositivas-com-intervencao-de-exercicios-explorando-o-estudo-da-calorimetria-conceitos-basicos-equilibrio-termico-e-processos-de-propagacao-de-calor-utilizando-o-google-sala-de-aula\/\">6 &lt;&#8212;&#8211;<\/a><\/div>\n\n\n\n<div class=\"wp-block-button\"><a class=\"wp-block-button__link\" href=\"http:\/\/mnpef.univasf.edu.br\/p01\/index.php\/8-khan-academy-questoes-ambientais-internacionais-aquecimento-global\/\">&#8212;&#8211;&gt; 8<\/a><\/div>\n<\/div>\n","protected":false},"excerpt":{"rendered":"<p>7.1 Interdepend\u00eancia Mudan\u00e7a Clim\u00e1tica \u2013 Biodiversidade &nbsp; &nbsp; &nbsp; &nbsp;A partir de agora o educador se prop&otilde;e a trabalhar com seus estudantes uma colet&acirc;nea de [&#8230;]<\/p>\n","protected":false},"author":1,"featured_media":0,"parent":0,"menu_order":0,"comment_status":"closed","ping_status":"closed","template":"","meta":[],"_links":{"self":[{"href":"https:\/\/mnpef.univasf.edu.br\/p01\/index.php\/wp-json\/wp\/v2\/pages\/247"}],"collection":[{"href":"https:\/\/mnpef.univasf.edu.br\/p01\/index.php\/wp-json\/wp\/v2\/pages"}],"about":[{"href":"https:\/\/mnpef.univasf.edu.br\/p01\/index.php\/wp-json\/wp\/v2\/types\/page"}],"author":[{"embeddable":true,"href":"https:\/\/mnpef.univasf.edu.br\/p01\/index.php\/wp-json\/wp\/v2\/users\/1"}],"replies":[{"embeddable":true,"href":"https:\/\/mnpef.univasf.edu.br\/p01\/index.php\/wp-json\/wp\/v2\/comments?post=247"}],"version-history":[{"count":8,"href":"https:\/\/mnpef.univasf.edu.br\/p01\/index.php\/wp-json\/wp\/v2\/pages\/247\/revisions"}],"predecessor-version":[{"id":574,"href":"https:\/\/mnpef.univasf.edu.br\/p01\/index.php\/wp-json\/wp\/v2\/pages\/247\/revisions\/574"}],"wp:attachment":[{"href":"https:\/\/mnpef.univasf.edu.br\/p01\/index.php\/wp-json\/wp\/v2\/media?parent=247"}],"curies":[{"name":"wp","href":"https:\/\/api.w.org\/{rel}","templated":true}]}}