{"id":294,"date":"2020-11-08T20:34:18","date_gmt":"2020-11-08T23:34:18","guid":{"rendered":"http:\/\/mnpef.univasf.edu.br\/p01\/?page_id=294"},"modified":"2021-03-28T16:19:11","modified_gmt":"2021-03-28T19:19:11","slug":"12-referencia-bibliograficas","status":"publish","type":"page","link":"https:\/\/mnpef.univasf.edu.br\/p01\/index.php\/12-referencia-bibliograficas\/","title":{"rendered":"12 &#8211; Refer\u00eancias Bibliogr\u00e1ficas"},"content":{"rendered":"\n<p>BEFORE THE FLOOD. <strong>Before the flood.<\/strong> Dispon\u00edvel em: &lt;<a href=\"https:\/\/www.beforetheflood.com\" target=\"_blank\" rel=\"noreferrer noopener\">https:\/\/www.beforetheflood.com<\/a><a rel=\"noreferrer noopener\" href=\"https:\/\/www.beforetheflood.com\/\" target=\"_blank\">\/<\/a>&gt;. Acesso em: 01 de novembro de 2020.<\/p>\n\n\n\n<p>DUARTE, Cleiton. <strong>Calorimetria: Introdu\u00e7\u00e3o \u2013 Brasil Escola. <\/strong>Dispon\u00edvel em: &lt;<a rel=\"noreferrer noopener\" href=\"https:\/\/bit.ly\/2AOPlEY\" target=\"_blank\">https:\/\/bit.ly\/2AOPlEY<\/a>>. Acesso em: 17 de outubro de 2019. <\/p>\n\n\n\n<p>DUARTE, Cleiton. <strong>Calor Sens\u00edvel \/ Calorimetria \u2013 Brasil Escola. <\/strong>Dispon\u00edvel em: &lt;<a href=\"https:\/\/bit.ly\/2ChrMoH\" target=\"_blank\" rel=\"noreferrer noopener\">https:\/\/bit.ly\/2ChrMoH<\/a>&gt;. Acesso em: 06 de novembro de 2019.<\/p>\n\n\n\n<p>JOAB, Silas. <strong>Calor \u2013 Brasil Escola. <\/strong>Dispon\u00edvel em: &lt;<a href=\"https:\/\/bit.ly\/2ZUrhZz\" target=\"_blank\" rel=\"noreferrer noopener\">https:\/\/bit.ly\/2ZUrhZz<\/a>&gt;. Acesso em: 05 de junho de 2019.<\/p>\n\n\n\n<p>JACOBI, Pedro Roberto; GRANDISOLI, Edson; COUTINHO, S\u00f4nia Maria Viggiani; MAIA, Roberta de Assis; TOLEDO, Renata Ferraz de.&nbsp; <strong>Temas atuais em mudan\u00e7as clim\u00e1ticas: para os ensinos fundamental e m\u00e9dio.<\/strong> 1\u00aa Edi\u00e7\u00e3o. S\u00e3o Paulo. IEE-USP. 2015.<\/p>\n\n\n\n<p>Khan Academy. <strong>Quest\u00f5es Ambientais Internacionais \u2013 Khan Academy. <\/strong>Dispon\u00edvel em: &lt;<a href=\"https:\/\/bit.ly\/3iJVuDn\" target=\"_blank\" rel=\"noreferrer noopener\">https:\/\/bit.ly\/3iJVuDn<\/a>&gt;. Acesso em: 16 de abril de 2019.<\/p>\n\n\n\n<p>Khan Academy. SCIENCES, Calif\u00f3rnia Academy of. <strong>Como a mudan\u00e7a clim\u00e1tica afeta a biodiversidade? \u2013 Khan Academy. <\/strong>Dispon\u00edvel em: &lt;<a href=\"https:\/\/bit.ly\/38SrOzD\" target=\"_blank\" rel=\"noreferrer noopener\">https:\/\/bit.ly\/38SrOzD<\/a>&gt;. Acesso em: 13 de abril de 2019.<\/p>\n\n\n\n<p>O Incr\u00edvel Pontinho Azul. <strong>Escalas termom\u00e9tricas &#8211; diferentes formas de medir a temperatura. <\/strong>Dispon\u00edvel em: &lt;<a rel=\"noreferrer noopener\" href=\"https:\/\/bit.ly\/3251sJ5\" target=\"_blank\">https:\/\/bit.ly\/3251sJ5<\/a>>. Acesso em: 14 de mar\u00e7o de 2019.<\/p>\n\n\n\n<p>SAMPAIO, Jos\u00e9 Luiz; CAL\u00c7ADA, Caio S\u00e9rgio. <strong>Universo da F\u00edsica 2. Hidrost\u00e1tica, Termologia, \u00d3ptica. <\/strong>2\u00aa edi\u00e7\u00e3o. S\u00e3o Paulo. Editora Atual. 2005.<\/p>\n\n\n\n<p>SAMPAIO, Jos\u00e9 Luiz; CAL\u00c7ADA, Caio S\u00e9rgio. <strong>Universo da F\u00edsica 2. Hidrost\u00e1tica, Termologia, \u00d3ptica. <\/strong>2\u00aa edi\u00e7\u00e3o. S\u00e3o Paulo. Editora Atual. 2005.<\/p>\n\n\n\n<p>SOUTO, Ana L\u00facia. <strong>Calor e Temperatura \u2013 Khan Academy. <\/strong>Dispon\u00edvel em: &nbsp;&lt;<a href=\"https:\/\/bit.ly\/2ZcUS1c\" target=\"_blank\" rel=\"noreferrer noopener\">https:\/\/bit.ly\/2ZcUS1c<\/a>&gt;. Acesso em: 09 de abril de 2019.<\/p>\n\n\n\n<p>SOUTO, Ana L\u00facia. <strong>Efeito Estufa \u2013 Khan Academy. <\/strong>Dispon\u00edvel em: &lt;<a href=\"https:\/\/bit.ly\/3gGZYbX\" target=\"_blank\" rel=\"noreferrer noopener\">https:\/\/bit.ly\/3gGZYbX<\/a>&gt;. Acesso em: 13 de abril de 2019.<\/p>\n\n\n\n<p>YAMAMOTO, Kazuhito; FUKE, Luiz Felipe. <strong>F\u00edsica para o Ensino M\u00e9dio. Termologia, \u00d3ptica e ondulat\u00f3ria. <\/strong>4\u00aa Edi\u00e7\u00e3o. S\u00e3o Paulo. Editora Saraiva. 2016.<\/p>\n\n\n\n<p>ZABALLA, Antoni. <strong>A Pr\u00e1tica Educativa. Como ensinar. <\/strong>1\u00aa edi\u00e7\u00e3o. Porto Alegre. Editora Artmed. 1998.<\/p>\n\n\n\n<hr class=\"wp-block-separator\"\/>\n\n\n\n<div class=\"wp-block-buttons\">\n<div class=\"wp-block-button\"><a class=\"wp-block-button__link\" href=\"http:\/\/mnpef.univasf.edu.br\/p01\/index.php\/11-questionarios-avaliando-a-aprendizagem-dos-estudantes-google-formularios\/\">11 &lt;&#8212;&#8211; volta<\/a><\/div>\n<\/div>\n\n\n\n<p><\/p>\n","protected":false},"excerpt":{"rendered":"<p>BEFORE THE FLOOD. Before the flood. Dispon\u00edvel em: &lt;https:\/\/www.beforetheflood.com\/&gt;. Acesso em: 01 de novembro de 2020. DUARTE, Cleiton. Calorimetria: Introdu\u00e7\u00e3o \u2013 Brasil Escola. Dispon\u00edvel em: [&#8230;]<\/p>\n","protected":false},"author":1,"featured_media":0,"parent":0,"menu_order":0,"comment_status":"closed","ping_status":"closed","template":"","meta":[],"_links":{"self":[{"href":"https:\/\/mnpef.univasf.edu.br\/p01\/index.php\/wp-json\/wp\/v2\/pages\/294"}],"collection":[{"href":"https:\/\/mnpef.univasf.edu.br\/p01\/index.php\/wp-json\/wp\/v2\/pages"}],"about":[{"href":"https:\/\/mnpef.univasf.edu.br\/p01\/index.php\/wp-json\/wp\/v2\/types\/page"}],"author":[{"embeddable":true,"href":"https:\/\/mnpef.univasf.edu.br\/p01\/index.php\/wp-json\/wp\/v2\/users\/1"}],"replies":[{"embeddable":true,"href":"https:\/\/mnpef.univasf.edu.br\/p01\/index.php\/wp-json\/wp\/v2\/comments?post=294"}],"version-history":[{"count":11,"href":"https:\/\/mnpef.univasf.edu.br\/p01\/index.php\/wp-json\/wp\/v2\/pages\/294\/revisions"}],"predecessor-version":[{"id":602,"href":"https:\/\/mnpef.univasf.edu.br\/p01\/index.php\/wp-json\/wp\/v2\/pages\/294\/revisions\/602"}],"wp:attachment":[{"href":"https:\/\/mnpef.univasf.edu.br\/p01\/index.php\/wp-json\/wp\/v2\/media?parent=294"}],"curies":[{"name":"wp","href":"https:\/\/api.w.org\/{rel}","templated":true}]}}